5 and 204?
51
Calculate the greatest common factor of 6935 and 146.
73
What is the greatest common factor of 224 and 21?
7
What is the highest common divisor of 165 and 1065?
15
Calculate the greatest common divisor of 1485 and 3780.
135
What is the greatest common divisor of 51 and 272?
17
What is the greatest common factor of 91 and 52?
13
Calculate the greatest common divisor of 4 and 772.
4
Calculate the highest common divisor of 72 and 13152.
24
What is the greatest common factor of 165 and 66?
33
Calculate the greatest common factor of 1295 and 7.
7
Calculate the highest common divisor of 64 and 2336.
32
What is the greatest common factor of 106 and 2173?
53
Calculate the highest common divisor of 17339 and 14.
7
What is the greatest common divisor of 1413 and 5338?
157
Calculate the highest common divisor of 656 and 41.
41
Calculate the greatest common factor of 55 and 2475.
55
Calculate the highest common divisor of 684 and 36.
36
What is the highest common factor of 89 and 445?
89
What is the greatest common factor of 21 and 2121?
21
Calculate the greatest common factor of 114906 and 66.
66
Calculate the highest common divisor of 114 and 304.
38
What is the greatest common factor of 420 and 3990?
210
What is the greatest common divisor of 169 and 39?
13
Calculate the greatest common factor of 896 and 14.
14
What is the highest common factor of 119 and 17?
17
Calculate the highest common divisor of 1281 and 2928.
183
What is the highest common divisor of 72 and 492?
12
What is the greatest common factor of 612 and 36?
36
What is the highest common divisor of 1113 and 265?
53
What is the greatest common divisor of 57 and 38?
19
Calculate the highest common factor of 266 and 14.
14
What is the greatest common factor of 650 and 52?
26
Calculate the greatest common divisor of 27 and 17523.
27
Calculate the greatest common divisor of 51 and 357.
51
What is the highest common factor of 33 and 209?
11
Calculate the highest common factor of 14 and 5054.
14
What is the greatest common divisor of 182 and 455?
91
What is the greatest common factor of 1407 and 63?
21
What is the highest common divisor of 34 and 544?
34
Calculate the highest common divisor of 56 and 80.
8
Calculate the greatest common divisor of 126 and 54.
18
Calculate the highest common divisor of 1 and 121.
1
What is the highest common divisor of 834 and 30?
6
What is the greatest common divisor of 858 and 4602?
78
Calculate the greatest common factor of 780 and 60.
60
What is the highest common divisor of 79 and 5530?
79
What is the greatest common divisor of 321 and 3?
3
What is the highest common divisor of 140 and 3150?
70
What is the greatest common divisor of 3869 and 106?
53
What is the greatest common divisor of 135 and 3645?
135
What is the greatest common factor of 5570 and 10?
10
Calculate the highest common factor of 4 and 338.
2
Calculate the greatest common factor of 459 and 170.
17
What is the highest common divisor of 8565 and 60?
15
Calculate the highest common divisor of 30 and 640.
10
What is the greatest common factor of 393 and 655?
131
What is the greatest common factor of 212 and 12?
4
What is the greatest common factor of 250 and 10?
10
Calculate the highest common factor of 21 and 39.
3
Calculate the highest common divisor of 1710 and 108.
18
Calculate the highest common divisor of 18 and 177.
3
What is the greatest common factor of 3888 and 16?
16
Calculate the greatest common divisor of 117 and 507.
39
Calculate the greatest common divisor of 25 and 800.
25
What is the greatest common factor of 24 and 176?
8
What is the greatest common divisor of 216 and 3996?
108
Calculate the greatest common factor of 1040 and 240.
80
What is the highest common factor of 8261 and 11?
11
What is the greatest common divisor of 51 and 153?
51
What is the highest common factor of 1014 and 24?
6
What is the greatest common divisor of 408 and 8?
8
Calculate the highest common factor of 4633 and 1017.
113
What is the highest common divisor of 13 and 1417?
13
What is the greatest common divisor of 258 and 6?
6
Calculate the greatest common factor of 207 and 18.
9
What is the greatest common divisor of 153 and 255?
51
Calculate the greatest common factor of 55891 and 11.
11
What is the highest common factor of 3969 and 81?
81
What is the highest common divisor of 20 and 20?
20
What is the greatest common factor of 1066 and 14?
2
Calculate the highest common divisor of 55 and 363.
11
Calculate the greatest common factor of 465 and 180.
15
What is the highest common divisor of 46 and 115?
23
What is the highest common divisor of 230 and 2001?
23
Calculate the highest common divisor of 164 and 82.
82
Calculate the highest common divisor of 2698 and 2556.
142
What is the greatest common factor of 10990 and 140?
70
What is the highest common divisor of 30 and 500?
10
What is the highest common divisor of 1336 and 3173?
167
What is the greatest common divisor of 13620 and 120?
60
Calculate the highest common factor of 336 and 768.
48
Calculate the greatest common factor of 29925 and 2625.
525
Calculate the highest common divisor of 14 and 742.
14
Calculate the greatest common divisor of 280 and 128.
8
Calculate the greatest common factor of 22 and 275.
11
What is the greatest common divisor of 9 and 75?
3
Calculate the highest common divisor of 24 and 324.
12
What is the highest common factor of 79 and 78289?
79
Calculate the greatest common factor of 1632 and 4692.
204
What is the highest common divisor of 2 and 7872?
2
What is the highest common factor of 9 and 1701?
9
Calculate the highest common factor of 2472 and 48.
24
What is the highest common factor of 1620 and 1107?
27
Calculate the highest common divisor of 204 and 51.
51
What is the greatest common divisor of 13272 and 79?
79
Calculate the highest common factor of 1656 and 120.
24
What is the highest common factor of 24 and 64?
8
Calculate the highest common factor of 124 and 27466.
62
What is the greatest common factor of 1344 and 576?
192
What is the greatest common factor of 84 and 15?
3
Calculate the highest common divisor of 125 and 145.
5
What is the highest common divisor of 156 and 1980?
12
Calculate the greatest common factor of 22210 and 10.
10
What is the highest common factor of 96 and 240?
48
Calculate the highest common factor of 8649 and 45.
9
What is the greatest common divisor of 4094 and 356?
178
What is the highest common factor of 2548 and 52?
52
What is the greatest common divisor of 54 and 30?
6
Calculate the greatest common divisor of 1776 and 555.
111
What is the greatest common factor of 1620 and 15?
15
Calculate the highest common factor of 1957 and 103.
103
Calculate the greatest common factor of 81 and 8181.
81
What is the greatest common divisor of 518 and 42?
14
Calculate the greatest common factor of 52537 and 107.
107
What is the highest common factor of 3757 and 39?
13
What is the highest common divisor of 7808 and 122?
122
What is the greatest common divisor of 29 and 928?
29
Calculate the greatest common factor of 1687 and 49.
7
What is the greatest common divisor of 104 and 1456?
104
What is the greatest common divisor of 175 and 161?
7
What is the highest common factor of 4472 and 416?
104
What is the highest common divisor of 24 and 10644?
12
Calculate the greatest common factor of 976 and 32.
16
What is the highest common factor of 16 and 256?
16
What is the greatest common divisor of 2898 and 276?
138
What is the highest common divisor of 37 and 107?
1
Calculate the highest common factor of 2106 and 1863.
81
What is the highest common factor of 203 and 261?
29
What is the highest common factor of 297 and 121?
11
What is the greatest common factor of 594 and 972?
54
What is the greatest common factor of 87 and 15?
3
What is the greatest common factor of 38 and 608?
38
Calculate the highest common divisor of 25 and 450.
25
What is the greatest common factor of 333 and 13579?
37
What is the highest common factor of 9084 and 84?
12
Calculate the highest common factor of 63 and 31584.
21
What is the highest common factor of 36 and 396?
36
What is the highest common divisor of 3480 and 3306?
174
Calculate the highest common factor of 7 and 644.
7
What is the highest common factor o